ctors of 308156.
2, 41, 1879
What are the prime factors of 27579409?
11, 13, 89, 197
What are the prime factors of 226782?
2, 3, 43, 293
What are the prime factors of 291824?
2, 13, 23, 61
List the prime factors of 3261018.
2, 3, 543503
List the prime factors of 500859.
3, 19, 29, 101
What are the prime factors of 1271040?
2, 3, 5, 331
What are the prime factors of 215385?
3, 5, 83, 173
What are the prime factors of 21321?
3, 23, 103
What are the prime factors of 188027?
7, 26861
What are the prime factors of 29201?
29201
What are the prime factors of 358324?
2, 29, 3089
List the prime factors of 771088.
2, 48193
List the prime factors of 143919.
3, 15991
What are the prime factors of 1460905?
5, 292181
What are the prime factors of 24856337?
11, 419, 5393
What are the prime factors of 6992169?
3, 83, 28081
What are the prime factors of 6015459?
3, 101, 19853
What are the prime factors of 137808?
2, 3, 11, 29
List the prime factors of 4573023.
3, 7, 13, 2393
List the prime factors of 513186.
2, 3, 85531
List the prime factors of 474882.
2, 3, 79147
List the prime factors of 313655.
5, 62731
List the prime factors of 12061969.
263, 45863
List the prime factors of 6249768.
2, 3, 7, 37201
List the prime factors of 520592.
2, 32537
List the prime factors of 8800935.
3, 5, 11, 13, 373
List the prime factors of 845446.
2, 7, 8627
List the prime factors of 13532934.
2, 3, 2255489
What are the prime factors of 999264?
2, 3, 7, 1487
What are the prime factors of 1280342?
2, 7, 91453
What are the prime factors of 4811387?
7, 687341
List the prime factors of 1556269.
11, 13, 10883
What are the prime factors of 4835160?
2, 3, 5, 11, 37
List the prime factors of 699057.
3, 17, 1523
What are the prime factors of 1322597?
1322597
What are the prime factors of 275789?
79, 3491
List the prime factors of 2162716.
2, 540679
What are the prime factors of 769454?
2, 7, 17, 53, 61
List the prime factors of 1990052.
2, 23, 97, 223
What are the prime factors of 13082689?
3617
List the prime factors of 4959898.
2, 1549, 1601
List the prime factors of 624947.
347, 1801
What are the prime factors of 1357417?
19, 71443
List the prime factors of 202782.
2, 3, 33797
List the prime factors of 321946.
2, 17, 557
List the prime factors of 132254.
2, 89, 743
What are the prime factors of 621375?
3, 5, 1657
What are the prime factors of 187316?
2, 46829
List the prime factors of 246011.
246011
What are the prime factors of 1580271?
3, 7, 11, 6841
List the prime factors of 2075285.
5, 47, 8831
What are the prime factors of 143146?
2, 19, 3767
List the prime factors of 3317022.
2, 3, 184279
What are the prime factors of 130763?
43, 3041
What are the prime factors of 7696605?
3, 5, 7, 23, 3187
List the prime factors of 2223009.
3, 247001
What are the prime factors of 902450?
2, 5, 18049
What are the prime factors of 13272540?
2, 3, 5, 221209
List the prime factors of 20784035.
5, 4156807
What are the prime factors of 106130?
2, 5, 10613
List the prime factors of 9787708.
2, 7, 101, 3461
What are the prime factors of 226356?
2, 3, 13, 1451
List the prime factors of 16886774.
2, 541, 15607
What are the prime factors of 387448?
2, 19, 2549
What are the prime factors of 83963?
11, 17, 449
What are the prime factors of 67990?
2, 5, 13, 523
What are the prime factors of 581299?
73, 7963
What are the prime factors of 44299?
31, 1429
List the prime factors of 120837.
3, 47, 857
List the prime factors of 27693203.
19, 353, 4129
List the prime factors of 1107825.
3, 5, 14771
List the prime factors of 4178316.
2, 3, 191, 1823
List the prime factors of 891272.
2, 111409
List the prime factors of 4016381.
4016381
What are the prime factors of 6235019?
7, 890717
What are the prime factors of 274584?
2, 3, 17, 673
List the prime factors of 446222.
2, 7, 31873
What are the prime factors of 178620?
2, 3, 5, 13, 229
List the prime factors of 11038.
2, 5519
List the prime factors of 380823.
3, 61, 2081
What are the prime factors of 19548?
2, 3, 181
What are the prime factors of 2221296?
2, 3, 7, 11, 601
What are the prime factors of 346272?
2, 3, 3607
List the prime factors of 839394.
2, 3, 46633
List the prime factors of 286354.
2, 143177
What are the prime factors of 1728137?
647, 2671
What are the prime factors of 7805490?
2, 3, 5, 7, 11, 31, 109
What are the prime factors of 3117857?
23, 135559
What are the prime factors of 312600?
2, 3, 5, 521
What are the prime factors of 4310264?
2, 7, 19, 4051
List the prime factors of 1111310.
2, 5, 19, 5849
What are the prime factors of 168058?
2, 11, 7639
What are the prime factors of 23570191?
3529, 6679
What are the prime factors of 117150?
2, 3, 5, 11, 71
List the prime factors of 188579.
188579
List the prime factors of 910346.
2, 31, 14683
What are the prime factors of 342501?
3, 114167
What are the prime factors of 762091?
11, 29, 2389
What are the prime factors of 1012414?
2, 13, 23, 1693
List the prime factors of 1955264.
2, 137, 223
What are the prime factors of 38975?
5, 1559
What are the prime factors of 9535928?
2, 1191991
What are the prime factors of 1262431?
41, 751
List the prime factors of 131261.
13, 23, 439
What are the prime factors of 1524122?
2, 762061
What are the prime factors of 330885?
3, 5, 19, 43
What are the prime factors of 11146016?
2, 7, 17, 2927
List the prime factors of 121108.
2, 13, 17, 137
List the prime factors of 9384408.
2, 3, 11, 17, 41
What are the prime factors of 191981?
17, 23, 491
List the prime factors of 380572.
2, 95143
List the prime factors of 11602784.
2, 29, 12503
List the prime factors of 448966.
2, 7, 32069
What are the prime factors of 12298108?
2, 191, 16097
List the prime factors of 876523.
876523
What are the prime factors of 181727?
7, 13, 1997
List the prime factors of 1350228.
2, 3, 11, 53, 193
List the prime factors of 9921907.
9921907
What are the prime factors of 162079?
162079
What are the prime factors of 1251367?
13, 96259
What are the prime factors of 379582?
2, 7, 19, 1427
List the prime factors of 224112.
2, 3, 7, 23, 29
What are the prime factors of 441586?
2, 220793
What are the prime factors of 230090?
2, 5, 7, 19, 173
List the prime factors of 285707.
285707
What are the prime factors of 1257903?
3, 46589
List the prime factors of 215387.
43, 5009
What are the prime factors of 15029013?
3, 1277, 3923
What are the prime factors of 1399789?
1399789
List the prime factors of 581564.
2, 145391
List the prime factors of 139976.
2, 17497
What are the prime factors of 170944?
2, 2671
List the prime factors of 1245452.
2, 13, 43, 557
List the prime factors of 41793.
3, 13931
List the prime factors of 84225.
3, 5, 1123
What are the prime factors of 850426?
2, 59, 7207
List the prime factors of 237035.
5, 47407
What are the prime factors of 34069344?
2, 3, 367, 967
List the prime factors of 145962.
2, 3, 17, 53
What are the prime factors of 627467?
53, 11839
List the prime factors of 4260388.
2, 11, 96827
What are the prime factors of 11731318?
2, 1097, 5347
List the prime factors of 11912482.
2, 23, 258967
List the prime factors of 834184.
2, 13, 617
List the prime factors of 186509.
41, 4549
What are the prime factors of 84699?
3, 3137
List the prime factors of 1669696.
2, 7, 3727
List the prime factors of 97671.
3, 7, 4651
List the prime factors of 6188466.
2, 3, 1031411
What are the prime factors of 302113?
7, 43159
List the prime factors of 1221722.
2, 17, 35933
List the prime factors of 449647.
11, 41, 997
What are the prime factors of 2130320?
2, 5, 31, 859
What are the prime factors of 326837?
7, 46691
What are the prime factors of 191720?
2, 5, 4793
List the prime factors of 434890.
2, 5, 157, 277
What are the prime factors of 233846?
2, 116923
List the prime factors of 10768633.
17, 633449
List the prime factors of 12026152.
2, 1503269
List the prime factors of 9634.
2, 4817
List the prime factors of 502368.
2, 3, 5233
What are the prime factors of 27969305?
5, 7, 13, 61471
What are the prime factors of 326370?
2, 3, 5, 11, 23, 43
What are the prime factors of 848382?
2, 3, 141397
What are the prime factors of 18350764?
2, 67, 68473
What are the prime factors of 3573376?
2, 27917
What are the prime factors of 5418136?
2, 79, 8573
List the prime factors of 101794.
2, 7, 11, 661